 -17744. Is u a composite number?
False
Is 0 + 3*(2 + (-1794470)/(-30)) prime?
True
Let o be (10*1682/8)/((-14)/(-28)). Let m = 7036 - o. Is m a composite number?
True
Let m(g) be the first derivative of 265*g**3 - 63*g**2 + 2*g + 261. Is m(3) prime?
True
Suppose w + 32*q - 29*q - 26672 = 0, 3*q - 106634 = -4*w. Is w a composite number?
True
Is (-15668)/(-6)*(64770/4)/85 prime?
False
Suppose -19*j = -228321 + 37694. Is j a prime number?
False
Suppose 2*i = 3*l + 162, -2*i + 106 = -0*l - 2*l. Suppose 2*j - 6*j - 49672 = 0. Is j/l - (-6)/(-8) a composite number?
True
Let h(r) = 131*r**2 + 47*r + 727. Is h(33) composite?
True
Suppose -2*z = 5*r - 26793, 3*r - 4*z - 4214 = 11841. Is r prime?
False
Suppose 15*g - 10*g = -3*l + 45141, -5*l + 75235 = 2*g. Is l prime?
False
Let c(s) = 56*s**2 + 13*s + 232. Is c(-29) a prime number?
False
Let z(s) be the first derivative of -2*s - 6 + 769/2*s**2. Is z(1) a composite number?
True
Is 45828 + 5 + (-128)/8 prime?
True
Let v(b) = 932*b**2 + 88*b - 401. Is v(8) composite?
False
Suppose 0 = -t + l + 3*l + 34551, 2*t = 2*l + 69078. Is t prime?
False
Suppose -101211557 = -40*u - 264*u + 15*u. Is u composite?
False
Let l(g) = 2*g**2 - 2*g + 2958. Let m be l(0). Suppose u - 2*z = 1473, z - 2*z - m = -2*u. Is u a prime number?
True
Suppose 0 = -9*v - 3*v + 252. Suppose -v*r + 50604 = -17*r. Is r a prime number?
False
Let c(a) be the second derivative of 107/12*a**4 + 2/3*a**3 - 2*a + a**2 + 0. Is c(-3) prime?
True
Let p(r) = -2*r**3 + 169*r**2 + 48*r + 593. Is p(82) a prime number?
True
Let w(t) = 41*t**3 - 5*t**2 - 2*t + 39. Let m be w(6). Suppose -7*g = -16*g + m. Is g a prime number?
True
Let t(n) = -2*n**2 + 38*n + 44. Let a be t(20). Suppose a*d = 3*i + 1618, -d + i + 4*i + 413 = 0. Is d a composite number?
True
Let y(k) = 233*k**3 + 3*k**2 - 4*k - 3. Let u(n) = 78*n**3 + n**2 - n - 1. Let f(i) = -8*u(i) + 3*y(i). Is f(3) prime?
False
Let s = 7546 - 4194. Let a = s + 209. Suppose 143*f - 142*f = a. Is f composite?
True
Suppose 2*i - 60 = -l, 5*l - 7*i - 300 = -6*i. Is 5*((-3)/(l/(-3772)) + 3) composite?
True
Let o(n) = -81*n - 14. Let j be o(-10). Suppose 4*l + 4*d = j, -582 = -3*l - 3*d + 5*d. Suppose 0 = 2*m + q - 66, -2*q - l = -5*m - 49. Is m a composite number?
False
Let q = -51 + 56. Is 2960 + -2*q/10 prime?
False
Let u(j) be the first derivative of -j**3/3 - 3*j**2/2 + 4*j - 34. Let g be u(-3). Is (-2301)/(-7) - -2 - g/(-14) prime?
True
Suppose 10*h + 18 = 6*h + 2*t, 0 = 4*h + 4*t + 36. Suppose 0 = 3*q + 10997 - 2399. Is q/(-4) + (-3)/h a prime number?
False
Suppose -f = 3*g - 22677, -3*g + 4*f + 6969 + 15723 = 0. Suppose -3*w + g = 2*d, -d - 3*w - 969 + 4752 = 0. Is d prime?
False
Suppose 63*p = -8*p - 59*p + 4314050. Is p a prime number?
False
Suppose 1158429 = 1766*c - 1763*c. Is c prime?
True
Let k = -49779 + 97540. Is k a composite number?
True
Suppose -90 = -5*a - 105. Is (132/(-12))/(a/921) a prime number?
False
Let h(k) = 4*k + 11. Let z be h(9). Let t = z - 44. Suppose t*r - r = 74. Is r a prime number?
True
Suppose -a = -3*l + 222349, -9*l + 4*a + 465132 = -201913. Is l a composite number?
True
Suppose -21*a + 26*a - 20 = 0. Suppose -a*c = c + 3*p + 23, p = -c - 5. Is ((-646)/8 - -4)*c prime?
True
Let g = 118113 + -75792. Is g composite?
True
Suppose -364 - 116 = -12*o. Suppose 4*d = 4*j - o, -3*j + d + 25 = j. Suppose 3*g - j*v + 0*v = 2646, 5*v + 4400 = 5*g. Is g composite?
False
Suppose -7*w = -99 - 69. Suppose 5*n - 458 = 2*o, 0 = -2*n + o + 207 - w. Suppose 4*m - 86 = -2*c + n, -5*c = -5*m + 260. Is m a prime number?
True
Let k be (2/(-8)*2)/((-16)/102944). Suppose 5*q = -n + k, 4*n - 3*q = -0*q + 12914. Is n a composite number?
True
Suppose 0*a = -u + 2*a + 82, -353 = -4*u + 3*a. Let z be ((-38)/(-95))/((-2)/(-20)). Suppose -k + 12 = -z*k, -u = -4*b - 2*k. Is b a prime number?
False
Let p = -79 + 67. Let k be -2 - (0 - -3*148/p). Suppose k*s = 43*s - 1912. Is s a prime number?
True
Suppose 3*s - 1464976 = -5*g, -5720*s + 293000 = g - 5721*s. Is g prime?
False
Let c(w) = -4*w**2 + 3*w - 2. Let r(f) = 11*f**2 - 9*f + 7. Let o(u) = 8*c(u) + 3*r(u). Let x be o(0). Suppose x*i - 5818 = -728. Is i a prime number?
False
Let i(y) = 186*y**2 + 8*y + 9. Let l = 98 - 109. Let s(r) = 559*r**2 + 23*r + 26. Let z(f) = l*i(f) + 4*s(f). Is z(-2) a prime number?
True
Is 5/(-10)*(-194728)/(0 + 4) composite?
True
Suppose 578 = -0*g - 2*g. Let m = 1008 + -684. Let k = m - g. Is k prime?
True
Let b(r) = -79*r**3 - 6*r**2 - 16*r - 44. Let y be b(-4). Let o = 12373 - y. Is o a prime number?
True
Let x(g) = 1766*g + 9433. Is x(14) a prime number?
True
Suppose 3*q - 6 = 3*m, -2*m - 2*q = -3*q + 8. Let z be (-1)/(-9)*41726 + m/27. Let g = z - 2417. Is g a composite number?
True
Let o be (26864/8)/(1/4). Suppose o = 10*s - 7358. Let z = s + 1560. Is z a composite number?
True
Suppose 105*x + 81*x - 5524016 = 503686. Is x prime?
False
Let c be 1300/15 - (-6)/(-9). Suppose -2*q - 10 = c. Let x = q - -87. Is x a composite number?
True
Let q(y) = 21*y - 21. Let d(m) = -2*m**2 - 36*m - 32. Let n be d(-17). Let a be q(n). Suppose -26*t + 11585 = -a*t. Is t prime?
False
Let d(q) = -9*q + 4*q + q + 27 - q. Let b be d(5). Suppose -b*n + 417 = -n. Is n a prime number?
False
Let a(i) = -6961*i + 531. Is a(-14) prime?
False
Let v = 107210 + 46781. Is v composite?
False
Let w = 283161 + -158324. Is w prime?
False
Suppose 0*y = -l + 2*y - 175, 0 = -2*l - 2*y - 326. Let u be 507 + (2 - -1) + -4. Let v = u - l. Is v composite?
False
Suppose -4*v + 47864 = -4*b, 28*v - 4*b = 20*v + 95740. Is v a prime number?
True
Let g(k) = 10*k + 43. Let h be g(-4). Suppose -8*j = p - h*j - 201, 0 = -5*p - 2*j + 959. Is p a composite number?
False
Is 163 - 151 - (-39)/6*64322 a composite number?
True
Suppose 7*l - 11*l + 8 = 0. Suppose -5*h - 1774 = -l*t - 532, -627 = -t + 4*h. Suppose -3*a + t + 556 = 0. Is a prime?
True
Suppose -380 = 2*k - 1706. Let f be (-1)/(-14 + 4591/328). Let s = k - f. Is s a prime number?
False
Let y = -34 + 37. Suppose 12 = y*s + 3*i, 4*i - 22 = 2*s - 0*s. Is (-930 - (-3)/3)/(s - 0) composite?
False
Let z(r) = -10*r - 2*r**2 + 14*r - 273*r**3 + 0*r - 43*r**3 + 9. Is z(-2) a composite number?
False
Suppose -5*d + 2*c + 66238 = 0, 34*c - 33*c + 52988 = 4*d. Is d/3*(-1 - 40/(-16)) a prime number?
False
Let v(u) = -1164*u + 181. Is v(-99) prime?
False
Let l be 150/(-40) - 6/(-8). Let v = 8 + l. Suppose 5*f - 2*z - 1815 = 0, 0*f - 1120 = -3*f - v*z. Is f a prime number?
False
Suppose 3*x + 12 = -3*d + 2*x, 4*d + 5*x = -16. Let j be -4 + 0 + 5420/d. Is j/(-3) + (4 - 8) prime?
True
Let g = -134 + 142. Is ((289704/32)/3)/(2/g) a composite number?
False
Suppose -124*z + 5*t = -119*z - 710040, 3*z = -3*t + 426018. Is z composite?
False
Let w be (-6)/4*(6 + -5)*-2. Suppose w + 39 = -7*x. Is (-3406)/4*x/3 composite?
True
Suppose q - 3*q + 2278 = 0. Suppose -9*p - 1568 = -5564. Let j = p + q. Is j a composite number?
False
Let h(d) = d**2 - 7*d - 1. Let q be h(6). Let n be 2 + 0 + q + 3128. Suppose -3*j - 3*x = x - n, -4*j - 5*x + 4164 = 0. Is j composite?
True
Is ((-127910)/(-2))/(((-529)/(-23))/23) a composite number?
True
Suppose -582*k + 578*k + 66628 = 0. Is k a composite number?
False
Let f be (1 + -5)/((-54)/12 - -5). Let g be ((-2136)/f)/(9/129). Suppose -2*l + 0*h + 2560 = 3*h, 2*h = 3*l - g. Is l a prime number?
True
Suppose -2*i - p - 47 + 53 = 0, 4*i = -4*p + 8. Suppose -12*a + 14*a - 83726 = -i*y, -y + 3 = 0. Is a composite?
True
Let l(k) = k - 2. Let z(t) = -71*t - 57. Let v(p) = 6*l(p) + z(p). Is v(-26) composite?
False
Suppose 53 = 5*l - 7. Let v(z) = 38 - 2 + 25 - 65*z - l. Is v(-6) composite?
False
Let k = 87616 + -60219. Is k a composite number?
False
Let t(g) = g**2 - 2*g - 2. Let k be t(-3). Let n be (-7 - -1) + (16 - -17) + -24. Is (k/n)/((-7)/(-42)) a composite number?
True
Let q(x) = -x**3 - 12*x**2 - 18*x + 16. Let p be q(-10). Is p*3/6 - -161 prime?
False
Suppose 112*j - 23*j = 2565135 + 2594462. Is j a prime number?
True
Suppose 3*x + x - 12 = 0. Suppose -2*m + 1 + x = 0. Is -3*21528/(-30) - m/(-10) prime?
True
Suppose 492*z - 457*z = 6623365. Is z prime?
True
Let r = -31167 - -45553. Suppose 6*i - r - 95942 = 0. Suppose 3*n + n - i = 0. Is n prime?
True
Let a(n) = -6 - 181*n - 106*n + 3. Is a(-20)